{"id":1210,"date":"2025-07-18T08:50:36","date_gmt":"2025-07-18T08:50:36","guid":{"rendered":"https:\/\/verbund-werk.de\/?page_id=1210"},"modified":"2025-07-18T08:54:08","modified_gmt":"2025-07-18T08:54:08","slug":"barrierefreiheit","status":"publish","type":"page","link":"https:\/\/verbund-werk.de\/index.php\/barrierefreiheit\/","title":{"rendered":"BARRIEREFREIHEIT"},"content":{"rendered":"\t\t<div data-elementor-type=\"wp-page\" data-elementor-id=\"1210\" class=\"elementor elementor-1210\" data-elementor-post-type=\"page\">\n\t\t\t\t<div class=\"elementor-element elementor-element-adc7edf e-flex e-con-boxed elementor-invisible e-con e-parent\" data-id=\"adc7edf\" data-element_type=\"container\" data-e-type=\"container\" data-settings=\"{&quot;jet_parallax_layout_list&quot;:[],&quot;background_background&quot;:&quot;classic&quot;,&quot;animation&quot;:&quot;fadeInUp&quot;}\">\n\t\t\t\t\t<div class=\"e-con-inner\">\n\t\t<div class=\"elementor-element elementor-element-b8b0225 e-con-full e-flex e-con e-child\" data-id=\"b8b0225\" data-element_type=\"container\" data-e-type=\"container\" data-settings=\"{&quot;jet_parallax_layout_list&quot;:[]}\">\n\t\t\t\t<div class=\"elementor-element elementor-element-89f7e53 elementor-widget elementor-widget-heading\" data-id=\"89f7e53\" data-element_type=\"widget\" data-e-type=\"widget\" data-widget_type=\"heading.default\">\n\t\t\t\t<div class=\"elementor-widget-container\">\n\t\t\t\t\t<h4 class=\"elementor-heading-title elementor-size-default\">ERKL\u00c4RUNG ZUR DIGITALEN BARRIEREFREIHEIT<\/h4>\t\t\t\t<\/div>\n\t\t\t\t<\/div>\n\t\t\t\t<\/div>\n\t\t\t\t\t<\/div>\n\t\t\t\t<\/div>\n\t\t<div class=\"elementor-element elementor-element-702a3b3 e-flex e-con-boxed e-con e-parent\" data-id=\"702a3b3\" data-element_type=\"container\" data-e-type=\"container\" data-settings=\"{&quot;jet_parallax_layout_list&quot;:[]}\">\n\t\t\t\t\t<div class=\"e-con-inner\">\n\t\t\t\t<div class=\"elementor-element elementor-element-c2610a8 elementor-widget elementor-widget-text-editor\" data-id=\"c2610a8\" data-element_type=\"widget\" data-e-type=\"widget\" data-widget_type=\"text-editor.default\">\n\t\t\t\t<div class=\"elementor-widget-container\">\n\t\t\t\t\t\t\t\t\t<p>Im Rahmen unserer Barrierefreiheitserkl\u00e4rung m\u00f6chten wir Ihnen einen \u00dcberblick \u00fcber den Stand der Vereinbarkeit der unten beschriebenen Dienstleistung(en) mit den Anforderungen der Barrierefreiheit nach gesetzlichen Vorschriften (insbesondere mit dem Barrierefreiheitsst\u00e4rkungsgesetz \u2013 BFSG) geben.<\/p><h2>Angaben zum Dienstleistungserbringer<\/h2><p>VERBUNDWERK.<br \/>Olaf Kossakowski<br \/>In der Loh 15<br \/>40668 Meerbusch<br \/>Nordrhein-Westfalen<\/p><h2>Allgemeine Beschreibung der Dienstleistung<\/h2><p>Die Firmenphilosophie des VERBUNDWERK.s besteht im Aufgreifen der \u201eBauhaus-Idee\u201c, dass unterschiedliche Gewerke in einem Zusammenhang stehen, sich gegenseitig befruchten und es so zu internen als auch externen Synergien kommt. Der hohe qualitative Anspruch, das Bestreben nach der Langlebigkeit, als auch Nachhaltigkeit der WERKE, der Kundenservice, in Form von ausf\u00fchrlicher Beratung und Information, sind die wesentlichen Elemente der Firmenphilosophie.<\/p><h2>Erl\u00e4uterungen zur Durchf\u00fchrung der Dienstleistung<\/h2><p>Historisches mit Modernem verbinden. Lassen Sie Ihr \u201eSchmuckst\u00fcck\u201c in neuem Glanz erstrahlen. <br \/>Die Dienstleistung findet in unserer Werkstatt in Meerbusch oder direkt beim Kunden statt.<\/p><h2>Stand der Vereinbarkeit mit den Anforderungen<\/h2><p>Die oben genannte Dienstleistung ist nicht mit dem Barrierefreiheitsst\u00e4rkungsgesetz (BFSG) vereinbar.<\/p><p>Folgende Teile\/Inhalte\/Funktionen der Dienstleistung sind nicht barrierefrei:<\/p><p>Wir sind nicht verpflichtet eine barrierfreie Webseite zu erstellen, jedoch sind wir bem\u00fcht, in Zukunft dieses freiweilig umzusetzen.<\/p><h3>Barrierefreie Alternativen<\/h3><p>Gibt es derzeit keine.<\/p><h3>Nicht barrierefreie Teile der Dienstleistung &#8211; Umsetzungsfristen<\/h3><p>Bei einer Neugestaltung der Webseite werden wir in Zukunft dadrauf achten, diese barrierefrei umzusetzen.<\/p><h2>Erstellung der Barrierefreiheitserkl\u00e4rung<\/h2><p>Datum der Erstellung der Barrierefreiheitserkl\u00e4rung: 18.07.2025<br \/>Datum der letzten \u00dcberpr\u00fcfung der o. g. Leistungen hinsichtlich der Anforderungen zur Barrierefreiheit: 28.06.2025<\/p><h2>Einsch\u00e4tzung zum Stand der Barrierefreiheit<\/h2><p>Die Einsch\u00e4tzung zum Stand der Barrierefreiheit beruht auf unserer Selbsteinsch\u00e4tzung.<\/p><h2>Feedbackm\u00f6glichkeit und Kontaktangaben<\/h2><p>Adresse:<br \/>Olaf Kossakowski<br \/>In der Loh 15<br \/>40668 Meerbusch<\/p><p>E-Mail: info(@)verbund-werk.de<\/p><p>Telefon: +49 (0)171 \/ 62 22 084<\/p><p>Link zur Website: <a href=\"https:\/\/verbund-werk.de\/\">https:\/\/verbund-werk.de\/<\/a><\/p>\t\t\t\t\t\t\t\t<\/div>\n\t\t\t\t<\/div>\n\t\t\t\t\t<\/div>\n\t\t\t\t<\/div>\n\t\t\t\t<\/div>\n\t\t","protected":false},"excerpt":{"rendered":"<p>ERKL\u00c4RUNG ZUR DIGITALEN BARRIEREFREIHEIT Im Rahmen unserer Barrierefreiheitserkl\u00e4rung m\u00f6chten wir Ihnen einen \u00dcberblick \u00fcber den Stand der Vereinbarkeit der unten beschriebenen Dienstleistung(en) mit den Anforderungen der Barrierefreiheit nach gesetzlichen Vorschriften (insbesondere mit dem Barrierefreiheitsst\u00e4rkungsgesetz \u2013 BFSG) geben. Angaben zum Dienstleistungserbringer VERBUNDWERK.Olaf KossakowskiIn der Loh 1540668 MeerbuschNordrhein-Westfalen Allgemeine Beschreibung der Dienstleistung Die Firmenphilosophie des VERBUNDWERK.s besteht [&hellip;]<\/p>\n","protected":false},"author":1,"featured_media":0,"parent":0,"menu_order":0,"comment_status":"closed","ping_status":"closed","template":"","meta":{"footnotes":""},"class_list":["post-1210","page","type-page","status-publish","hentry"],"yoast_head":"<!-- This site is optimized with the Yoast SEO plugin v26.9 - https:\/\/yoast.com\/product\/yoast-seo-wordpress\/ -->\n<title>BARRIEREFREIHEIT &#187; Verbundwerk.<\/title>\n<meta name=\"robots\" content=\"index, follow, max-snippet:-1, max-image-preview:large, max-video-preview:-1\" \/>\n<link rel=\"canonical\" href=\"https:\/\/verbund-werk.de\/index.php\/barrierefreiheit\/\" \/>\n<meta property=\"og:locale\" content=\"de_DE\" \/>\n<meta property=\"og:type\" content=\"article\" \/>\n<meta property=\"og:title\" content=\"BARRIEREFREIHEIT &#187; Verbundwerk.\" \/>\n<meta property=\"og:description\" content=\"ERKL\u00c4RUNG ZUR DIGITALEN BARRIEREFREIHEIT Im Rahmen unserer Barrierefreiheitserkl\u00e4rung m\u00f6chten wir Ihnen einen \u00dcberblick \u00fcber den Stand der Vereinbarkeit der unten beschriebenen Dienstleistung(en) mit den Anforderungen der Barrierefreiheit nach gesetzlichen Vorschriften (insbesondere mit dem Barrierefreiheitsst\u00e4rkungsgesetz \u2013 BFSG) geben. Angaben zum Dienstleistungserbringer VERBUNDWERK.Olaf KossakowskiIn der Loh 1540668 MeerbuschNordrhein-Westfalen Allgemeine Beschreibung der Dienstleistung Die Firmenphilosophie des VERBUNDWERK.s besteht [&hellip;]\" \/>\n<meta property=\"og:url\" content=\"https:\/\/verbund-werk.de\/index.php\/barrierefreiheit\/\" \/>\n<meta property=\"og:site_name\" content=\"Verbundwerk.\" \/>\n<meta property=\"article:modified_time\" content=\"2025-07-18T08:54:08+00:00\" \/>\n<meta name=\"twitter:card\" content=\"summary_large_image\" \/>\n<meta name=\"twitter:label1\" content=\"Gesch\u00e4tzte Lesezeit\" \/>\n\t<meta name=\"twitter:data1\" content=\"2\u00a0Minuten\" \/>\n<script type=\"application\/ld+json\" class=\"yoast-schema-graph\">{\"@context\":\"https:\/\/schema.org\",\"@graph\":[{\"@type\":\"WebPage\",\"@id\":\"https:\/\/verbund-werk.de\/index.php\/barrierefreiheit\/\",\"url\":\"https:\/\/verbund-werk.de\/index.php\/barrierefreiheit\/\",\"name\":\"BARRIEREFREIHEIT &#187; Verbundwerk.\",\"isPartOf\":{\"@id\":\"https:\/\/verbund-werk.de\/#website\"},\"datePublished\":\"2025-07-18T08:50:36+00:00\",\"dateModified\":\"2025-07-18T08:54:08+00:00\",\"breadcrumb\":{\"@id\":\"https:\/\/verbund-werk.de\/index.php\/barrierefreiheit\/#breadcrumb\"},\"inLanguage\":\"de\",\"potentialAction\":[{\"@type\":\"ReadAction\",\"target\":[\"https:\/\/verbund-werk.de\/index.php\/barrierefreiheit\/\"]}]},{\"@type\":\"BreadcrumbList\",\"@id\":\"https:\/\/verbund-werk.de\/index.php\/barrierefreiheit\/#breadcrumb\",\"itemListElement\":[{\"@type\":\"ListItem\",\"position\":1,\"name\":\"Startseite\",\"item\":\"https:\/\/verbund-werk.de\/\"},{\"@type\":\"ListItem\",\"position\":2,\"name\":\"BARRIEREFREIHEIT\"}]},{\"@type\":\"WebSite\",\"@id\":\"https:\/\/verbund-werk.de\/#website\",\"url\":\"https:\/\/verbund-werk.de\/\",\"name\":\"Verbundwerk.\",\"description\":\"\",\"publisher\":{\"@id\":\"https:\/\/verbund-werk.de\/#organization\"},\"potentialAction\":[{\"@type\":\"SearchAction\",\"target\":{\"@type\":\"EntryPoint\",\"urlTemplate\":\"https:\/\/verbund-werk.de\/?s={search_term_string}\"},\"query-input\":{\"@type\":\"PropertyValueSpecification\",\"valueRequired\":true,\"valueName\":\"search_term_string\"}}],\"inLanguage\":\"de\"},{\"@type\":\"Organization\",\"@id\":\"https:\/\/verbund-werk.de\/#organization\",\"name\":\"VERBUNDWERK.\",\"url\":\"https:\/\/verbund-werk.de\/\",\"logo\":{\"@type\":\"ImageObject\",\"inLanguage\":\"de\",\"@id\":\"https:\/\/verbund-werk.de\/#\/schema\/logo\/image\/\",\"url\":\"http:\/\/verbund-werk.de\/wp-content\/uploads\/2022\/06\/2022_Logo_2000px.png\",\"contentUrl\":\"http:\/\/verbund-werk.de\/wp-content\/uploads\/2022\/06\/2022_Logo_2000px.png\",\"width\":2000,\"height\":292,\"caption\":\"VERBUNDWERK.\"},\"image\":{\"@id\":\"https:\/\/verbund-werk.de\/#\/schema\/logo\/image\/\"}}]}<\/script>\n<!-- \/ Yoast SEO plugin. -->","yoast_head_json":{"title":"BARRIEREFREIHEIT &#187; Verbundwerk.","robots":{"index":"index","follow":"follow","max-snippet":"max-snippet:-1","max-image-preview":"max-image-preview:large","max-video-preview":"max-video-preview:-1"},"canonical":"https:\/\/verbund-werk.de\/index.php\/barrierefreiheit\/","og_locale":"de_DE","og_type":"article","og_title":"BARRIEREFREIHEIT &#187; Verbundwerk.","og_description":"ERKL\u00c4RUNG ZUR DIGITALEN BARRIEREFREIHEIT Im Rahmen unserer Barrierefreiheitserkl\u00e4rung m\u00f6chten wir Ihnen einen \u00dcberblick \u00fcber den Stand der Vereinbarkeit der unten beschriebenen Dienstleistung(en) mit den Anforderungen der Barrierefreiheit nach gesetzlichen Vorschriften (insbesondere mit dem Barrierefreiheitsst\u00e4rkungsgesetz \u2013 BFSG) geben. Angaben zum Dienstleistungserbringer VERBUNDWERK.Olaf KossakowskiIn der Loh 1540668 MeerbuschNordrhein-Westfalen Allgemeine Beschreibung der Dienstleistung Die Firmenphilosophie des VERBUNDWERK.s besteht [&hellip;]","og_url":"https:\/\/verbund-werk.de\/index.php\/barrierefreiheit\/","og_site_name":"Verbundwerk.","article_modified_time":"2025-07-18T08:54:08+00:00","twitter_card":"summary_large_image","twitter_misc":{"Gesch\u00e4tzte Lesezeit":"2\u00a0Minuten"},"schema":{"@context":"https:\/\/schema.org","@graph":[{"@type":"WebPage","@id":"https:\/\/verbund-werk.de\/index.php\/barrierefreiheit\/","url":"https:\/\/verbund-werk.de\/index.php\/barrierefreiheit\/","name":"BARRIEREFREIHEIT &#187; Verbundwerk.","isPartOf":{"@id":"https:\/\/verbund-werk.de\/#website"},"datePublished":"2025-07-18T08:50:36+00:00","dateModified":"2025-07-18T08:54:08+00:00","breadcrumb":{"@id":"https:\/\/verbund-werk.de\/index.php\/barrierefreiheit\/#breadcrumb"},"inLanguage":"de","potentialAction":[{"@type":"ReadAction","target":["https:\/\/verbund-werk.de\/index.php\/barrierefreiheit\/"]}]},{"@type":"BreadcrumbList","@id":"https:\/\/verbund-werk.de\/index.php\/barrierefreiheit\/#breadcrumb","itemListElement":[{"@type":"ListItem","position":1,"name":"Startseite","item":"https:\/\/verbund-werk.de\/"},{"@type":"ListItem","position":2,"name":"BARRIEREFREIHEIT"}]},{"@type":"WebSite","@id":"https:\/\/verbund-werk.de\/#website","url":"https:\/\/verbund-werk.de\/","name":"Verbundwerk.","description":"","publisher":{"@id":"https:\/\/verbund-werk.de\/#organization"},"potentialAction":[{"@type":"SearchAction","target":{"@type":"EntryPoint","urlTemplate":"https:\/\/verbund-werk.de\/?s={search_term_string}"},"query-input":{"@type":"PropertyValueSpecification","valueRequired":true,"valueName":"search_term_string"}}],"inLanguage":"de"},{"@type":"Organization","@id":"https:\/\/verbund-werk.de\/#organization","name":"VERBUNDWERK.","url":"https:\/\/verbund-werk.de\/","logo":{"@type":"ImageObject","inLanguage":"de","@id":"https:\/\/verbund-werk.de\/#\/schema\/logo\/image\/","url":"http:\/\/verbund-werk.de\/wp-content\/uploads\/2022\/06\/2022_Logo_2000px.png","contentUrl":"http:\/\/verbund-werk.de\/wp-content\/uploads\/2022\/06\/2022_Logo_2000px.png","width":2000,"height":292,"caption":"VERBUNDWERK."},"image":{"@id":"https:\/\/verbund-werk.de\/#\/schema\/logo\/image\/"}}]}},"_links":{"self":[{"href":"https:\/\/verbund-werk.de\/index.php\/wp-json\/wp\/v2\/pages\/1210","targetHints":{"allow":["GET"]}}],"collection":[{"href":"https:\/\/verbund-werk.de\/index.php\/wp-json\/wp\/v2\/pages"}],"about":[{"href":"https:\/\/verbund-werk.de\/index.php\/wp-json\/wp\/v2\/types\/page"}],"author":[{"embeddable":true,"href":"https:\/\/verbund-werk.de\/index.php\/wp-json\/wp\/v2\/users\/1"}],"replies":[{"embeddable":true,"href":"https:\/\/verbund-werk.de\/index.php\/wp-json\/wp\/v2\/comments?post=1210"}],"version-history":[{"count":7,"href":"https:\/\/verbund-werk.de\/index.php\/wp-json\/wp\/v2\/pages\/1210\/revisions"}],"predecessor-version":[{"id":1219,"href":"https:\/\/verbund-werk.de\/index.php\/wp-json\/wp\/v2\/pages\/1210\/revisions\/1219"}],"wp:attachment":[{"href":"https:\/\/verbund-werk.de\/index.php\/wp-json\/wp\/v2\/media?parent=1210"}],"curies":[{"name":"wp","href":"https:\/\/api.w.org\/{rel}","templated":true}]}}